{"id":997,"date":"2023-02-03T12:55:24","date_gmt":"2023-02-03T15:55:24","guid":{"rendered":"http:\/\/menendez.ar\/?page_id=997"},"modified":"2023-02-03T22:15:47","modified_gmt":"2023-02-04T01:15:47","slug":"menendez-lapera-antonio-jose","status":"publish","type":"page","link":"http:\/\/menendez.ar\/index.php\/las-generaciones\/generacion-de-1900\/menendez-lapera-antonio-jose\/","title":{"rendered":"Men\u00e9ndez Lapera Antonio Jos\u00e9"},"content":{"rendered":"\n<p>Nace en C\u00f3rdoba el <\/p>\n\n\n\n<p>La primera visita formal a la casa de (Mar\u00eda Emilia) \u00ablos Salanova\u00bb la hace acompa\u00f1ado por Julio (Joito) Men\u00e9ndez Gimenez (quien ten\u00eda 5 o 6 a\u00f1os y viv\u00eda en la calle Victoria), quien cont\u00f3 a\u00f1os despu\u00e9s \u00abHoy lo recuerdo como si a\u00fan lo viviera. La t\u00eda Mary era el alma mater de toda la familia. Recuerdo el viaje hasta su casa y hasta lo que comimos (alcahuciles?) y tanto t\u00edo como sobrino nos comicos todo y masc\u00e1bamos .. hasta que Mary nos dijo hay que (chipar?).  <\/p>\n\n\n\n<p>Se casa con Mar\u00eda Emilia Salanova en 1925 1926. La ceremonia se hizo en casa de la novia. La cola de vestido la llevan Isabel (Chabela) y su hermano Julio (Joito) Men\u00e9ndez Gimenez.  <\/p>\n\n\n\n<p>Alquilaron un departamento<\/p>\n","protected":false},"excerpt":{"rendered":"<p>Nace en C\u00f3rdoba el La primera visita formal a la casa de (Mar\u00eda Emilia) \u00ablos Salanova\u00bb la hace acompa\u00f1ado por Julio (Joito) Men\u00e9ndez Gimenez (quien ten\u00eda 5 o 6 a\u00f1os y viv\u00eda en la calle Victoria), quien cont\u00f3 a\u00f1os despu\u00e9s \u00abHoy lo recuerdo como si a\u00fan lo viviera. La t\u00eda Mary era el alma mater [&hellip;]<\/p>\n","protected":false},"author":1,"featured_media":0,"parent":960,"menu_order":0,"comment_status":"closed","ping_status":"closed","template":"","meta":{"footnotes":""},"class_list":["post-997","page","type-page","status-publish","hentry"],"aioseo_notices":[],"_links":{"self":[{"href":"http:\/\/menendez.ar\/index.php\/wp-json\/wp\/v2\/pages\/997","targetHints":{"allow":["GET"]}}],"collection":[{"href":"http:\/\/menendez.ar\/index.php\/wp-json\/wp\/v2\/pages"}],"about":[{"href":"http:\/\/menendez.ar\/index.php\/wp-json\/wp\/v2\/types\/page"}],"author":[{"embeddable":true,"href":"http:\/\/menendez.ar\/index.php\/wp-json\/wp\/v2\/users\/1"}],"replies":[{"embeddable":true,"href":"http:\/\/menendez.ar\/index.php\/wp-json\/wp\/v2\/comments?post=997"}],"version-history":[{"count":1,"href":"http:\/\/menendez.ar\/index.php\/wp-json\/wp\/v2\/pages\/997\/revisions"}],"predecessor-version":[{"id":998,"href":"http:\/\/menendez.ar\/index.php\/wp-json\/wp\/v2\/pages\/997\/revisions\/998"}],"up":[{"embeddable":true,"href":"http:\/\/menendez.ar\/index.php\/wp-json\/wp\/v2\/pages\/960"}],"wp:attachment":[{"href":"http:\/\/menendez.ar\/index.php\/wp-json\/wp\/v2\/media?parent=997"}],"curies":[{"name":"wp","href":"https:\/\/api.w.org\/{rel}","templated":true}]}}