{"id":968,"date":"2023-02-02T21:14:31","date_gmt":"2023-02-03T00:14:31","guid":{"rendered":"http:\/\/menendez.ar\/?page_id=968"},"modified":"2023-02-02T21:14:32","modified_gmt":"2023-02-03T00:14:32","slug":"las-generaciones","status":"publish","type":"page","link":"http:\/\/menendez.ar\/index.php\/las-generaciones\/","title":{"rendered":"Las Generaciones:"},"content":{"rendered":"\n<p>Se entiende por \u00abGeneraci\u00f3n\u00bb, proveniente del\u00a0lat.\u00a0<em>generatio, -\u014dnis.<\/em><\/p>\n\n\n\n<ul class=\"wp-block-list\">\n<li><strong>1.&nbsp;<\/strong>f.&nbsp;Acci\u00f3n&nbsp;y&nbsp;efecto&nbsp;de&nbsp;<a href=\"https:\/\/dle.rae.es\/?id=FN4Xspa#6gqCAVr\">engendrar<\/a>&nbsp;(\u2016&nbsp;dar&nbsp;vida&nbsp;a&nbsp;un&nbsp;nuevo&nbsp;ser).<\/li>\n\n\n\n<li><strong>2.&nbsp;<\/strong>f.&nbsp;Acci\u00f3n&nbsp;y&nbsp;efecto&nbsp;de&nbsp;<a href=\"https:\/\/dle.rae.es\/?id=J40Yv4a#8JPkwcr\">generar<\/a>&nbsp;(\u2016&nbsp;producir).&nbsp;<em>Generaci\u00f3n&nbsp;de&nbsp;empleo.<\/em><\/li>\n\n\n\n<li><strong>3.&nbsp;<\/strong>f.&nbsp;Sucesi\u00f3n&nbsp;de&nbsp;descendientes&nbsp;en&nbsp;l\u00ednea&nbsp;recta.<\/li>\n\n\n\n<li><strong>4.&nbsp;<\/strong>f.&nbsp;Conjunto&nbsp;de&nbsp;las&nbsp;personas&nbsp;que&nbsp;tienen&nbsp;aproximadamente&nbsp;la&nbsp;misma&nbsp;edad.&nbsp;<em>La&nbsp;generaci\u00f3n&nbsp;de&nbsp;nuestros&nbsp;padres.<\/em><\/li>\n\n\n\n<li><strong>5.&nbsp;<\/strong>f.&nbsp;Conjunto&nbsp;de&nbsp;personas&nbsp;que,&nbsp;habiendo&nbsp;nacido&nbsp;en&nbsp;fechas&nbsp;pr\u00f3ximas&nbsp;y&nbsp;recibido&nbsp;educaci\u00f3n&nbsp;e&nbsp;influjos&nbsp;culturales&nbsp;y&nbsp;sociales&nbsp;semejantes,&nbsp;adoptan&nbsp;una&nbsp;actitud&nbsp;en&nbsp;cierto&nbsp;modo&nbsp;com\u00fan&nbsp;en&nbsp;el&nbsp;\u00e1mbito&nbsp;del&nbsp;pensamiento&nbsp;o&nbsp;de&nbsp;la&nbsp;creaci\u00f3n.&nbsp;<em>La&nbsp;generaci\u00f3n&nbsp;del&nbsp;98.<\/em><\/li>\n<\/ul>\n\n\n\n<hr class=\"wp-block-separator has-alpha-channel-opacity\"\/>\n\n\n\n<p>En el caso de los Men\u00e9ndez, Interpreto que hay una generaci\u00f3n cada 33 a\u00f1os y que cada tres generaciones, una tiene el eje centrado en el cambio de Siglo, (el XIX, el XX y el XXI). <\/p>\n\n\n\n<p>El momento que vive cada generaci\u00f3n define su identificaci\u00f3n. <\/p>\n\n\n\n<p>1840, 1873 (  ), 1900 (  ), 1933 (La Gran Depresi\u00f3n), 1966 (  ), 2000 (  ), 2033  , &#8230;.<\/p>\n","protected":false},"excerpt":{"rendered":"<p>Se entiende por \u00abGeneraci\u00f3n\u00bb, proveniente del\u00a0lat.\u00a0generatio, -\u014dnis. En el caso de los Men\u00e9ndez, Interpreto que hay una generaci\u00f3n cada 33 a\u00f1os y que cada tres generaciones, una tiene el eje centrado en el cambio de Siglo, (el XIX, el XX y el XXI). El momento que vive cada generaci\u00f3n define su identificaci\u00f3n. 1840, 1873 ( [&hellip;]<\/p>\n","protected":false},"author":1,"featured_media":0,"parent":0,"menu_order":0,"comment_status":"closed","ping_status":"closed","template":"","meta":{"footnotes":""},"class_list":["post-968","page","type-page","status-publish","hentry"],"aioseo_notices":[],"_links":{"self":[{"href":"http:\/\/menendez.ar\/index.php\/wp-json\/wp\/v2\/pages\/968","targetHints":{"allow":["GET"]}}],"collection":[{"href":"http:\/\/menendez.ar\/index.php\/wp-json\/wp\/v2\/pages"}],"about":[{"href":"http:\/\/menendez.ar\/index.php\/wp-json\/wp\/v2\/types\/page"}],"author":[{"embeddable":true,"href":"http:\/\/menendez.ar\/index.php\/wp-json\/wp\/v2\/users\/1"}],"replies":[{"embeddable":true,"href":"http:\/\/menendez.ar\/index.php\/wp-json\/wp\/v2\/comments?post=968"}],"version-history":[{"count":1,"href":"http:\/\/menendez.ar\/index.php\/wp-json\/wp\/v2\/pages\/968\/revisions"}],"predecessor-version":[{"id":969,"href":"http:\/\/menendez.ar\/index.php\/wp-json\/wp\/v2\/pages\/968\/revisions\/969"}],"wp:attachment":[{"href":"http:\/\/menendez.ar\/index.php\/wp-json\/wp\/v2\/media?parent=968"}],"curies":[{"name":"wp","href":"https:\/\/api.w.org\/{rel}","templated":true}]}}